and 264672981?
1809
What is the greatest common factor of 903 and 37315271?
301
What is the highest common factor of 13112 and 3217804?
596
What is the highest common divisor of 28260828 and 31521?
4503
Calculate the greatest common factor of 451 and 263681.
11
What is the greatest common divisor of 36735855 and 390?
195
Calculate the greatest common factor of 13613625 and 5625.
1125
What is the greatest common factor of 149467 and 12?
1
What is the greatest common factor of 33 and 769173?
3
Calculate the greatest common factor of 17065909 and 19215.
427
What is the highest common factor of 680 and 3041164?
68
What is the highest common factor of 77916 and 1812?
1812
Calculate the highest common factor of 4899 and 1872522.
69
What is the greatest common divisor of 55313641 and 20801?
1891
What is the highest common factor of 31941 and 147261699?
4563
What is the highest common divisor of 191761662 and 6?
6
Calculate the highest common divisor of 52368 and 169360.
16
What is the greatest common factor of 12084 and 50530253?
1007
Calculate the highest common factor of 196445400 and 20.
20
What is the highest common factor of 2446 and 101769499?
1223
What is the greatest common divisor of 33867 and 422622?
477
What is the highest common factor of 24 and 8819316?
12
What is the highest common divisor of 498159 and 1251?
9
What is the greatest common factor of 304 and 8714768?
304
What is the highest common factor of 1284 and 180760236?
1284
Calculate the highest common divisor of 199378851 and 4326.
2163
Calculate the highest common factor of 13032 and 13392.
72
What is the greatest common factor of 4334400 and 180?
180
Calculate the highest common divisor of 5446 and 314776077.
2723
Calculate the greatest common divisor of 50 and 451070.
10
Calculate the highest common divisor of 37896725 and 465.
155
What is the greatest common divisor of 40 and 311624640?
40
What is the greatest common factor of 10 and 2919908?
2
What is the highest common factor of 150 and 34664225?
25
Calculate the highest common factor of 27685277 and 293.
293
What is the highest common factor of 292959 and 24480?
9
What is the greatest common divisor of 307 and 67815379?
307
Calculate the greatest common divisor of 275 and 5484655.
55
Calculate the greatest common divisor of 3146574 and 6.
6
Calculate the greatest common factor of 100951 and 386443.
643
Calculate the greatest common factor of 92 and 744113618.
46
Calculate the highest common divisor of 64218 and 306078.
834
What is the greatest common divisor of 250607152 and 16?
16
What is the greatest common factor of 4920 and 4454445?
615
Calculate the greatest common divisor of 3909346 and 27454.
518
What is the highest common factor of 6823536 and 312?
24
Calculate the greatest common factor of 14880 and 127840.
160
What is the highest common divisor of 1364839518 and 168?
42
Calculate the greatest common divisor of 3247 and 70040.
17
Calculate the greatest common divisor of 2350573 and 119.
17
Calculate the highest common divisor of 4264 and 21724916.
164
What is the greatest common divisor of 253408122 and 19602?
6534
What is the greatest common factor of 5874771 and 84?
21
What is the highest common divisor of 80 and 5193875?
5
Calculate the greatest common divisor of 117447 and 9933.
33
What is the greatest common factor of 17422 and 30841998?
562
What is the greatest common factor of 740633 and 3333?
101
Calculate the highest common factor of 26159208 and 48.
24
Calculate the highest common factor of 6710 and 175340.
110
Calculate the highest common divisor of 5088 and 749976.
24
Calculate the highest common divisor of 5478368 and 37072.
112
Calculate the highest common factor of 14677815 and 105.
15
What is the highest common divisor of 111 and 14508625?
37
Calculate the greatest common divisor of 407967 and 67620.
21
Calculate the highest common divisor of 146 and 221866564.
146
What is the highest common factor of 2237225 and 1635?
545
What is the greatest common factor of 9976600 and 350?
50
Calculate the highest common factor of 97339215 and 10.
5
What is the greatest common divisor of 11232606 and 2460?
246
What is the greatest common factor of 846 and 33947583?
141
What is the greatest common divisor of 194 and 1381242170?
194
Calculate the greatest common divisor of 158484 and 89868.
12
Calculate the highest common divisor of 20509001 and 97.
97
What is the greatest common divisor of 6240 and 95952?
48
What is the highest common factor of 35402737 and 146?
73
What is the highest common factor of 765 and 3930825?
255
What is the highest common factor of 7122 and 11738?
2
Calculate the greatest common divisor of 14 and 100131542.
14
What is the highest common factor of 5707416 and 2496?
312
What is the greatest common divisor of 283075 and 183781?
871
What is the greatest common divisor of 22008001 and 2525?
101
What is the greatest common divisor of 108121 and 46696?
13
Calculate the greatest common divisor of 4348393 and 3619.
329
Calculate the highest common factor of 18724700 and 1.
1
What is the highest common factor of 216504 and 683171?
97
What is the highest common factor of 14632150 and 2925?
325
Calculate the greatest common divisor of 48665580 and 3900.
60
Calculate the highest common divisor of 69885032 and 8.
8
Calculate the greatest common divisor of 3864 and 447582576.
3864
Calculate the greatest common factor of 84 and 20126778.
42
Calculate the greatest common factor of 4144448 and 1771.
77
What is the highest common factor of 1448 and 36593132?
724
What is the highest common divisor of 8765 and 1218992375?
8765
Calculate the greatest common factor of 2698368 and 832.
64
What is the greatest common divisor of 862541640 and 18?
18
Calculate the highest common factor of 928178 and 22.
2
Calculate the greatest common divisor of 20429494 and 95840.
1198
What is the greatest common divisor of 105824920 and 5?
5
What is the greatest common factor of 288024 and 5028?
12
Calculate the greatest common factor of 1311 and 1407669.
69
Calculate the highest common factor of 11518 and 17030.
26
Calculate the highest common factor of 16412 and 27192.
44
Calculate the highest common divisor of 2670890 and 3115.
445
Calculate the highest common divisor of 9480 and 12505440.
120
What is the highest common divisor of 8796 and 92796?
12
Calculate the greatest common factor of 54369 and 2079.
63
What is the greatest common divisor of 873 and 39835863?
873
What is the greatest common factor of 3032487 and 10251?
603
Calculate the greatest common divisor of 97866676 and 6012.
668
Calculate the highest common factor of 189 and 11448189.
27
What is the highest common divisor of 9423169 and 321?
107
Calculate the greatest common divisor of 571169940 and 110.
110
Calculate the greatest common factor of 5930481 and 414.
69
What is the greatest common factor of 22752111 and 20001?
177
What is the greatest common divisor of 1349337 and 28303?
341
Calculate the highest common factor of 5280 and 2129952.
1056
What is the highest common factor of 2556 and 90828099?
639
Calculate the greatest common divisor of 1875 and 831495.
15
Calculate the highest common factor of 6797 and 6293.
7
Calculate the highest common factor of 391095 and 435.
15
What is the highest common factor of 39051920 and 1808?
16
What is the highest common divisor of 6119 and 15398101?
29
What is the highest common factor of 5585568 and 456168?
1992
Calculate the greatest common factor of 633633 and 1688.
211
What is the greatest common factor of 28 and 27562486?
14
What is the highest common divisor of 13561 and 378217?
71
Calculate the highest common divisor of 741912 and 3819.
57
Calculate the highest common factor of 1027 and 15618063.
79
What is the highest common divisor of 5444 and 848?
4
Calculate the greatest common factor of 67846377 and 134955.
8997
Calculate the highest common factor of 545864 and 5216723.
6203
Calculate the greatest common divisor of 769157 and 16313377.
4027
Calculate the highest common factor of 6630 and 16988712.
1326
Calculate the greatest common divisor of 15829 and 7077002.
1439
What is the highest common divisor of 372 and 235197?
93
What is the highest common divisor of 1294949650 and 50?
50
Calculate the highest